{"id":24,"date":"2013-07-09T11:44:24","date_gmt":"2013-07-09T11:44:24","guid":{"rendered":"http:\/\/makom.megaart.de\/?page_id=24"},"modified":"2014-01-17T13:26:30","modified_gmt":"2014-01-17T13:26:30","slug":"projekt-management","status":"publish","type":"page","link":"https:\/\/www.makom.net\/?page_id=24","title":{"rendered":"Projekt Management"},"content":{"rendered":"<p><span style=\"font-family: arial, helvetica, sans-serif; font-size: 14px;\">Jede erfolgreiche Werbekampagne startet mit der konzeptionellen Vorarbeit und der genauen Planung der einzusetzenden Mittel und Kosten. Wir sind der ideale Ansprechpartner f\u00fcr alle Fragen zur effektiven Realisation, bereits ab der Vorbereitungsphase Ihres Projektes.<\/span><\/p>\n<p><span style=\"font-family: arial, helvetica, sans-serif; font-size: 14px;\">Wir begleiten und \u00fcberwachen den gesamten Prozess, termingerecht und zuverl\u00e4ssig \u2013 von der ersten Idee \u00fcber die technische Umsetzung zur Realisation bis hin zu der finalen Dokumentation und Instandhaltung. F\u00fcr Sie bedeutet dies die Zusammenarbeit mit einem Ansprechpartner, kleinen Teams und kompetenten Spezialisten in jeder Phase des Projektes.<\/span><\/p>\n<p>&nbsp;<\/p>\n<p><span style=\"font-family: arial, helvetica, sans-serif; font-size: 16px;\"><b>Statik<\/b><\/span><\/p>\n<p><span style=\"font-family: arial, helvetica, sans-serif; font-size: 14px;\">Wird f\u00fcr Objekte oder Installationen eine Statik erforderlich, sind <\/span><span style=\"font-family: arial, helvetica, sans-serif; font-size: 14px;\">wir<\/span><span style=\"font-family: arial, helvetica, sans-serif; font-size: 14px;\"> Ihnen gern behilflich.\u00a0<\/span><span style=\"font-family: arial, helvetica, sans-serif; font-size: 14px;\">Wenn ein Kompetenz-Nachweis in Sachen Statik erbracht werden m\u00fcsste, so d\u00fcrfte dieser mit der erfolgreichen Verh\u00fcllung des Bayer-Verwaltungsgeb\u00e4udes in Leverkusen, mit rund 22.000 qm Werbefl\u00e4che, wohl zur Gen\u00fcge erbracht worden sein. Weitere Beispiele sind eine 18m hohe Samsung-Hand in Frankfurt und Paris, sowie ein Stadiondach in Kassel.<\/span><\/p>\n<p>&nbsp;<\/p>\n<p><span style=\"font-family: arial, helvetica, sans-serif; font-size: 16px;\"><b>Gutachten \/Baugenehmigung<br \/>\n<\/b><\/span><span style=\"font-family: arial, helvetica, sans-serif; font-size: 14px;\">Ganz gleich, ob Sie von uns das Einholen von Baugenehmigungen w\u00fcnschen oder wir das komplette Projektmanagement f\u00fcr eine Werbefl\u00e4che \u00fcbernehmen sollen \u2013 dieser Aufgabe nehmen wir uns an. Zuverl\u00e4ssigkeit, Kompetenz und Flexibilit\u00e4t bieten wir auch auf diesem Gebiet in bew\u00e4hrter Makom<sup>\u00ae<\/sup>-Qualit\u00e4t.<\/span><\/p>\n<p><span style=\"font-family: arial, helvetica, sans-serif; font-size: 14px;\">\u00a0<\/span><\/p>\n","protected":false},"excerpt":{"rendered":"<p>Jede erfolgreiche Werbekampagne startet mit der konzeptionellen Vorarbeit und der genauen Planung der einzusetzenden Mittel und Kosten. Wir sind der ideale Ansprechpartner f\u00fcr alle Fragen zur effektiven Realisation, bereits ab der Vorbereitungsphase Ihres Projektes. Wir begleiten und \u00fcberwachen den gesamten Prozess, termingerecht und zuverl\u00e4ssig \u2013 von der ersten Idee \u00fcber die technische Umsetzung zur Realisation bis hin zu der finalen Dokumentation und Instandhaltung. F\u00fcr Sie bedeutet dies die Zusammenarbeit mit einem Ansprechpartner, kleinen Teams und kompetenten Spezialisten in jeder Phase des Projektes. &nbsp; Statik Wird f\u00fcr Objekte oder Installationen eine Statik erforderlich, sind wir Ihnen gern behilflich.\u00a0Wenn ein Kompetenz-Nachweis in Sachen Statik erbracht werden m\u00fcsste, so d\u00fcrfte dieser mit der erfolgreichen Verh\u00fcllung des Bayer-Verwaltungsgeb\u00e4udes in Leverkusen, mit rund 22.000 qm Werbefl\u00e4che, wohl zur Gen\u00fcge erbracht worden sein. Weitere Beispiele sind eine 18m hohe Samsung-Hand in Frankfurt und Paris, sowie ein Stadiondach in Kassel. &nbsp; Gutachten \/Baugenehmigung Ganz gleich, ob Sie von uns das Einholen von Baugenehmigungen w\u00fcnschen oder wir das komplette Projektmanagement f\u00fcr eine Werbefl\u00e4che \u00fcbernehmen sollen \u2013 dieser Aufgabe nehmen wir uns an. Zuverl\u00e4ssigkeit, Kompetenz und Flexibilit\u00e4t bieten wir auch auf diesem Gebiet in bew\u00e4hrter Makom\u00ae-Qualit\u00e4t. \u00a0<\/p>\n","protected":false},"author":1,"featured_media":0,"parent":0,"menu_order":0,"comment_status":"open","ping_status":"open","template":"","meta":[],"_links":{"self":[{"href":"https:\/\/www.makom.net\/index.php?rest_route=\/wp\/v2\/pages\/24"}],"collection":[{"href":"https:\/\/www.makom.net\/index.php?rest_route=\/wp\/v2\/pages"}],"about":[{"href":"https:\/\/www.makom.net\/index.php?rest_route=\/wp\/v2\/types\/page"}],"author":[{"embeddable":true,"href":"https:\/\/www.makom.net\/index.php?rest_route=\/wp\/v2\/users\/1"}],"replies":[{"embeddable":true,"href":"https:\/\/www.makom.net\/index.php?rest_route=%2Fwp%2Fv2%2Fcomments&post=24"}],"version-history":[{"count":26,"href":"https:\/\/www.makom.net\/index.php?rest_route=\/wp\/v2\/pages\/24\/revisions"}],"predecessor-version":[{"id":1127,"href":"https:\/\/www.makom.net\/index.php?rest_route=\/wp\/v2\/pages\/24\/revisions\/1127"}],"wp:attachment":[{"href":"https:\/\/www.makom.net\/index.php?rest_route=%2Fwp%2Fv2%2Fmedia&parent=24"}],"curies":[{"name":"wp","href":"https:\/\/api.w.org\/{rel}","templated":true}]}}