{"id":34,"date":"2013-07-09T11:50:31","date_gmt":"2013-07-09T11:50:31","guid":{"rendered":"http:\/\/makom.megaart.de\/?page_id=34"},"modified":"2015-06-08T13:32:49","modified_gmt":"2015-06-08T13:32:49","slug":"kontakt","status":"publish","type":"page","link":"https:\/\/www.makom.net\/?page_id=34","title":{"rendered":"Makom"},"content":{"rendered":"<p><span style=\"font-family: arial, helvetica, sans-serif; font-size: 14px;\"><b>Mitarbeiter, Mitdenker, Mitmischer<\/b><\/span><\/p>\n<p><span style=\"font-family: arial, helvetica, sans-serif; font-size: 14px;\">Unsere Kompetenz in der Konzeption, Planung und Durchf\u00fchrung eines Projektes kommt nicht von ungef\u00e4hr. Hinter unternehmerischen Erfolgen stehen Menschen mit gemeinsamen Zielen und einem hohen Ma\u00df an Eigenverantwortlichkeit. Offenheit f\u00fcr neue Ideen und Teamgeist pr\u00e4gen unseren Arbeitsstil und den Umgang mit unseren Kunden.<\/span><\/p>\n<p><span style=\"font-family: arial, helvetica, sans-serif; font-size: 14px;\">Bei Makom denken und handeln Mitarbeiter, die eine spezielle Leidenschaft teilen: Begeisterung f\u00fcr begeisternde Gro\u00dffl\u00e4chenkommunikation. Davon soll auch unser Kunde profitieren. Alle Mitarbeiter m\u00f6chten Ihnen eine zuverl\u00e4ssige Abwicklung bei gro\u00dfen und kleinen Projekten sowie ein perfektes Zusammenspiel vor und hinter den Kulissen zusichern &#8211; locker und unkompliziert.<\/span><\/p>\n<p><span style=\"font-size: 12px; font-family: arial, helvetica, sans-serif;\">Impressum:<\/span><\/p>\n<p><span style=\"font-size: 12px; font-family: arial, helvetica, sans-serif;\">Gesch\u00e4ftsf\u00fchrer:Michael Lazar<\/span><\/p>\n<p><span style=\"font-size: 12px; font-family: arial, helvetica, sans-serif;\">Amtsgericht Kassel HRB 14979<\/span><\/p>\n<p><span style=\"font-size: xx-small;\"><span style=\"font-family: arial, helvetica, sans-serif; font-size: 12px;\">USt-IdNr.:DE267412956<\/span><\/span><\/p>\n","protected":false},"excerpt":{"rendered":"<p>Mitarbeiter, Mitdenker, Mitmischer Unsere Kompetenz in der Konzeption, Planung und Durchf\u00fchrung eines Projektes kommt nicht von ungef\u00e4hr. Hinter unternehmerischen Erfolgen stehen Menschen mit gemeinsamen Zielen und einem hohen Ma\u00df an Eigenverantwortlichkeit. Offenheit f\u00fcr neue Ideen und Teamgeist pr\u00e4gen unseren Arbeitsstil und den Umgang mit unseren Kunden. Bei Makom denken und handeln Mitarbeiter, die eine spezielle Leidenschaft teilen: Begeisterung f\u00fcr begeisternde Gro\u00dffl\u00e4chenkommunikation. Davon soll auch unser Kunde profitieren. Alle Mitarbeiter m\u00f6chten Ihnen eine zuverl\u00e4ssige Abwicklung bei gro\u00dfen und kleinen Projekten sowie ein perfektes Zusammenspiel vor und hinter den Kulissen zusichern &#8211; locker und unkompliziert. Impressum: Gesch\u00e4ftsf\u00fchrer:Michael Lazar Amtsgericht Kassel HRB 14979 USt-IdNr.:DE267412956<\/p>\n","protected":false},"author":1,"featured_media":20,"parent":0,"menu_order":0,"comment_status":"open","ping_status":"open","template":"","meta":[],"_links":{"self":[{"href":"https:\/\/www.makom.net\/index.php?rest_route=\/wp\/v2\/pages\/34"}],"collection":[{"href":"https:\/\/www.makom.net\/index.php?rest_route=\/wp\/v2\/pages"}],"about":[{"href":"https:\/\/www.makom.net\/index.php?rest_route=\/wp\/v2\/types\/page"}],"author":[{"embeddable":true,"href":"https:\/\/www.makom.net\/index.php?rest_route=\/wp\/v2\/users\/1"}],"replies":[{"embeddable":true,"href":"https:\/\/www.makom.net\/index.php?rest_route=%2Fwp%2Fv2%2Fcomments&post=34"}],"version-history":[{"count":10,"href":"https:\/\/www.makom.net\/index.php?rest_route=\/wp\/v2\/pages\/34\/revisions"}],"predecessor-version":[{"id":1306,"href":"https:\/\/www.makom.net\/index.php?rest_route=\/wp\/v2\/pages\/34\/revisions\/1306"}],"wp:featuredmedia":[{"embeddable":true,"href":"https:\/\/www.makom.net\/index.php?rest_route=\/wp\/v2\/media\/20"}],"wp:attachment":[{"href":"https:\/\/www.makom.net\/index.php?rest_route=%2Fwp%2Fv2%2Fmedia&parent=34"}],"curies":[{"name":"wp","href":"https:\/\/api.w.org\/{rel}","templated":true}]}}